{"id":34,"date":"2014-12-05T17:01:54","date_gmt":"2014-12-05T17:01:54","guid":{"rendered":"http:\/\/gi.hoamhost.com\/?page_id=34"},"modified":"2016-03-30T14:14:44","modified_gmt":"2016-03-30T14:14:44","slug":"consulting-and-financial-services","status":"publish","type":"page","link":"https:\/\/gateindustries.com\/por\/consulting-and-financial-services\/","title":{"rendered":"Consulting and Financial Services"},"content":{"rendered":"<div id=\"service\" class=\"topbox\">\n<h1><span>CONSULTORIA E FINAN\u00c7AS<\/span><\/h1>\n<\/div>\n<p>Gate Industries oferece an\u00e1lise de projeto com as empresas Regional Capital Group e Regional Capital EB-5 Allliance. Nossa equipe est\u00e1 empenhada em resolver problemas e auxiliar empresas com suas necessidades financeiras, oferecendo os <b>seguintes servi\u00e7os financeiros e consultoria:<\/b><\/b>:<\/p>\n<ul>\n<li>Sele\u00e7\u00e3o de projetos, modelos financeiros e escolha de local<\/li>\n<li>Cria\u00e7\u00e3o de capital social ou modelo financeiro com v\u00e1rias formas de capital incluindo financiamento discricion\u00e1rio<\/li>\n<li>Avalia\u00e7\u00e3o, estrutura\u00e7\u00e3o e coordena\u00e7\u00e3o de financiamento p\u00fablico para projetos em conjunto com EB -5 e outras formas de capital<\/li>\n<\/ul>\n<p>Com a nossa abordagem \u00fanica de neg\u00f3cios, nossos clientes e investidores podem contar com <b>servi\u00e7os personalizados de apoio ao investidor EB-5:<\/b><\/p>\n<ul>\n<li>Desenvolvimento de plano de investimento personalizado atendendo as necessidades dos investidores de neg\u00f3cios  <\/li>\n<li>Cria\u00e7\u00e3o de estrat\u00e9gias de investimento a longo prazo de f\u00e1cil compreens\u00e3o, para ajudar a manter tudo no caminho certo<\/li>\n<li>Assist\u00eancia em facilitar e criar servi\u00e7os de monitoramento e auditoria de projetos<\/li>\n<li>Transpar\u00eancia de informa\u00e7\u00e3o para garantir o sucesso na obten\u00e7\u00e3o de cidadania de nossos investidores <\/li>\n<\/ul>\n<p style=\"text-align:center; clear:both; padding-top:30px; margin-bottom:-10px;\"><a href=\"http:\/\/www.iiusa.org\/\" target=\"_blank\"><img loading=\"lazy\" decoding=\"async\" src=\"https:\/\/gateindustries.com\/wp-content\/uploads\/2014\/12\/presidents.png\" alt=\"presidents\" width=\"150\" height=\"178\" class=\"aligncenter size-full wp-image-252\" \/><\/a><\/p>\n","protected":false},"excerpt":{"rendered":"<p>CONSULTORIA E FINAN\u00c7AS Gate Industries oferece an\u00e1lise de projeto com as empresas Regional Capital Group e Regional Capital EB-5 Allliance. Nossa equipe est\u00e1 empenhada em resolver problemas e auxiliar empresas com suas necessidades financeiras, oferecendo os seguintes servi\u00e7os financeiros e consultoria:: Sele\u00e7\u00e3o de projetos, modelos financeiros e escolha de local Cria\u00e7\u00e3o de capital social ou [&hellip;]<\/p>\n","protected":false},"author":3,"featured_media":0,"parent":0,"menu_order":0,"comment_status":"open","ping_status":"open","template":"","meta":{"footnotes":""},"class_list":["post-34","page","type-page","status-publish","hentry"],"yoast_head":"<!-- This site is optimized with the Yoast SEO plugin v17.0 - https:\/\/yoast.com\/wordpress\/plugins\/seo\/ -->\n<meta name=\"description\" content=\"Gate Industries offers project analysis with Regional Capital Group and Regional Capital EB-5 Alliance.\" \/>\n<meta name=\"robots\" content=\"index, follow, max-snippet:-1, max-image-preview:large, max-video-preview:-1\" \/>\n<link rel=\"canonical\" href=\"https:\/\/gateindustries.com\/por\/consulting-and-financial-services\/\" \/>\n<meta property=\"og:locale\" content=\"en_US\" \/>\n<meta property=\"og:type\" content=\"article\" \/>\n<meta property=\"og:title\" content=\"Consulting and Financial Services | Gate Industries\" \/>\n<meta property=\"og:description\" content=\"Gate Industries offers project analysis with Regional Capital Group and Regional Capital EB-5 Alliance.\" \/>\n<meta property=\"og:url\" content=\"https:\/\/gateindustries.com\/por\/consulting-and-financial-services\/\" \/>\n<meta property=\"og:site_name\" content=\"Navigation\" \/>\n<meta property=\"article:modified_time\" content=\"2016-03-30T14:14:44+00:00\" \/>\n<meta property=\"og:image\" content=\"https:\/\/gateindustries.com\/wp-content\/uploads\/2014\/12\/presidents.png\" \/>\n<meta name=\"twitter:label1\" content=\"Est. reading time\" \/>\n\t<meta name=\"twitter:data1\" content=\"1 minute\" \/>\n<script type=\"application\/ld+json\" class=\"yoast-schema-graph\">{\"@context\":\"https:\/\/schema.org\",\"@graph\":[{\"@type\":\"WebSite\",\"@id\":\"https:\/\/gateindustries.com\/por\/#website\",\"url\":\"https:\/\/gateindustries.com\/por\/\",\"name\":\"Navigation\",\"description\":\"\",\"potentialAction\":[{\"@type\":\"SearchAction\",\"target\":{\"@type\":\"EntryPoint\",\"urlTemplate\":\"https:\/\/gateindustries.com\/por\/?s={search_term_string}\"},\"query-input\":\"required name=search_term_string\"}],\"inLanguage\":\"en-US\"},{\"@type\":\"ImageObject\",\"@id\":\"https:\/\/gateindustries.com\/por\/consulting-and-financial-services\/#primaryimage\",\"inLanguage\":\"en-US\",\"url\":\"https:\/\/gateindustries.com\/wp-content\/uploads\/2014\/12\/presidents.png\",\"contentUrl\":\"https:\/\/gateindustries.com\/wp-content\/uploads\/2014\/12\/presidents.png\"},{\"@type\":\"WebPage\",\"@id\":\"https:\/\/gateindustries.com\/por\/consulting-and-financial-services\/#webpage\",\"url\":\"https:\/\/gateindustries.com\/por\/consulting-and-financial-services\/\",\"name\":\"Consulting and Financial Services | Gate Industries\",\"isPartOf\":{\"@id\":\"https:\/\/gateindustries.com\/por\/#website\"},\"primaryImageOfPage\":{\"@id\":\"https:\/\/gateindustries.com\/por\/consulting-and-financial-services\/#primaryimage\"},\"datePublished\":\"2014-12-05T17:01:54+00:00\",\"dateModified\":\"2016-03-30T14:14:44+00:00\",\"description\":\"Gate Industries offers project analysis with Regional Capital Group and Regional Capital EB-5 Alliance.\",\"breadcrumb\":{\"@id\":\"https:\/\/gateindustries.com\/por\/consulting-and-financial-services\/#breadcrumb\"},\"inLanguage\":\"en-US\",\"potentialAction\":[{\"@type\":\"ReadAction\",\"target\":[\"https:\/\/gateindustries.com\/por\/consulting-and-financial-services\/\"]}]},{\"@type\":\"BreadcrumbList\",\"@id\":\"https:\/\/gateindustries.com\/por\/consulting-and-financial-services\/#breadcrumb\",\"itemListElement\":[{\"@type\":\"ListItem\",\"position\":1,\"name\":\"Home\",\"item\":\"https:\/\/gateindustries.com\/por\/\"},{\"@type\":\"ListItem\",\"position\":2,\"name\":\"Consulting and Financial Services\"}]}]}<\/script>\n<!-- \/ Yoast SEO plugin. -->","yoast_head_json":{"description":"Gate Industries offers project analysis with Regional Capital Group and Regional Capital EB-5 Alliance.","robots":{"index":"index","follow":"follow","max-snippet":"max-snippet:-1","max-image-preview":"max-image-preview:large","max-video-preview":"max-video-preview:-1"},"canonical":"https:\/\/gateindustries.com\/por\/consulting-and-financial-services\/","og_locale":"en_US","og_type":"article","og_title":"Consulting and Financial Services | Gate Industries","og_description":"Gate Industries offers project analysis with Regional Capital Group and Regional Capital EB-5 Alliance.","og_url":"https:\/\/gateindustries.com\/por\/consulting-and-financial-services\/","og_site_name":"Navigation","article_modified_time":"2016-03-30T14:14:44+00:00","og_image":[{"url":"https:\/\/gateindustries.com\/wp-content\/uploads\/2014\/12\/presidents.png"}],"twitter_misc":{"Est. reading time":"1 minute"},"schema":{"@context":"https:\/\/schema.org","@graph":[{"@type":"WebSite","@id":"https:\/\/gateindustries.com\/por\/#website","url":"https:\/\/gateindustries.com\/por\/","name":"Navigation","description":"","potentialAction":[{"@type":"SearchAction","target":{"@type":"EntryPoint","urlTemplate":"https:\/\/gateindustries.com\/por\/?s={search_term_string}"},"query-input":"required name=search_term_string"}],"inLanguage":"en-US"},{"@type":"ImageObject","@id":"https:\/\/gateindustries.com\/por\/consulting-and-financial-services\/#primaryimage","inLanguage":"en-US","url":"https:\/\/gateindustries.com\/wp-content\/uploads\/2014\/12\/presidents.png","contentUrl":"https:\/\/gateindustries.com\/wp-content\/uploads\/2014\/12\/presidents.png"},{"@type":"WebPage","@id":"https:\/\/gateindustries.com\/por\/consulting-and-financial-services\/#webpage","url":"https:\/\/gateindustries.com\/por\/consulting-and-financial-services\/","name":"Consulting and Financial Services | Gate Industries","isPartOf":{"@id":"https:\/\/gateindustries.com\/por\/#website"},"primaryImageOfPage":{"@id":"https:\/\/gateindustries.com\/por\/consulting-and-financial-services\/#primaryimage"},"datePublished":"2014-12-05T17:01:54+00:00","dateModified":"2016-03-30T14:14:44+00:00","description":"Gate Industries offers project analysis with Regional Capital Group and Regional Capital EB-5 Alliance.","breadcrumb":{"@id":"https:\/\/gateindustries.com\/por\/consulting-and-financial-services\/#breadcrumb"},"inLanguage":"en-US","potentialAction":[{"@type":"ReadAction","target":["https:\/\/gateindustries.com\/por\/consulting-and-financial-services\/"]}]},{"@type":"BreadcrumbList","@id":"https:\/\/gateindustries.com\/por\/consulting-and-financial-services\/#breadcrumb","itemListElement":[{"@type":"ListItem","position":1,"name":"Home","item":"https:\/\/gateindustries.com\/por\/"},{"@type":"ListItem","position":2,"name":"Consulting and Financial Services"}]}]}},"_links":{"self":[{"href":"https:\/\/gateindustries.com\/por\/wp-json\/wp\/v2\/pages\/34","targetHints":{"allow":["GET"]}}],"collection":[{"href":"https:\/\/gateindustries.com\/por\/wp-json\/wp\/v2\/pages"}],"about":[{"href":"https:\/\/gateindustries.com\/por\/wp-json\/wp\/v2\/types\/page"}],"author":[{"embeddable":true,"href":"https:\/\/gateindustries.com\/por\/wp-json\/wp\/v2\/users\/3"}],"replies":[{"embeddable":true,"href":"https:\/\/gateindustries.com\/por\/wp-json\/wp\/v2\/comments?post=34"}],"version-history":[{"count":18,"href":"https:\/\/gateindustries.com\/por\/wp-json\/wp\/v2\/pages\/34\/revisions"}],"predecessor-version":[{"id":389,"href":"https:\/\/gateindustries.com\/por\/wp-json\/wp\/v2\/pages\/34\/revisions\/389"}],"wp:attachment":[{"href":"https:\/\/gateindustries.com\/por\/wp-json\/wp\/v2\/media?parent=34"}],"curies":[{"name":"wp","href":"https:\/\/api.w.org\/{rel}","templated":true}]}}